 1260 = -24*a. What is the units digit of a?
5
Let h(z) = z**2 + 7*z - 6. Suppose -33 - 17 = 5*y. What is the tens digit of h(y)?
2
Suppose -157 = -5*u + 3*k, 2*u - 32 = -5*k + 6. Let o = 171 - 169. Suppose o*h + 4*r - 16 = 0, -u = -4*h - 5*r + 15. What is the tens digit of h?
1
Let m = 8002 - 3061. What is the thousands digit of m?
4
Let t be (-350)/49 - 1/(-7). What is the hundreds digit of ((-2)/t - 12688/112)*-1?
1
Let z be 38/10 + 4/20. Suppose 5*d = t - 0*t - 3, -z*t - 2*d = -12. Suppose -t*j + 37 = 5*g, 0*g + 4*g - 28 = -4*j. What is the units digit of g?
8
Suppose -2 = -5*o + 3, -38 = -5*m - 3*o. Let i be 10/5*m/(-2). Let x = 26 - i. What is the units digit of x?
3
Let w = 33 + -32. Suppose 4*s - w = 3. What is the units digit of s?
1
Let q be (-3)/8 + 1980/160. Suppose -2*s - 1 = l - 7, q = 4*s. Suppose 5*t - 60 = 5*n, 5*t + 4*n - 4 - 38 = l. What is the units digit of t?
0
Let p(h) be the third derivative of h**5/30 + h**4/8 - 5*h**3/3 - h**2. What is the tens digit of p(-7)?
6
Suppose 3*u + 4*x - 68 = -0*u, -3*u - 2*x = -64. Let w be (27/18)/(6/u). Suppose -h = w*y - 29, 0*y + y = -2*h + 49. What is the tens digit of h?
2
Suppose 0 = 5*s + a - 187, -2*s + 4*a = 3*a - 79. Let z = -35 + s. Suppose -3*c - z*y = -c - 59, 0 = 5*c + y - 128. What is the units digit of c?
5
Suppose -16 = -4*i - 4*f, -2 - 1 = -2*i - 3*f. Let y(a) = a + 2. Let r(u) = 2*u + 4. Let p(c) = 3*r(c) - 5*y(c). What is the tens digit of p(i)?
1
Let v(t) = -t**3 - 14*t**2 + 9*t - 6. Let r be -17 + (3/2 - (-10)/20). What is the tens digit of v(r)?
8
Let m = -31 + 33. What is the tens digit of 56/(m - -2)*2?
2
Let v = -849 + 1210. What is the hundreds digit of v?
3
Let q(h) = -283*h**3 + h**2 + 5*h + 4. What is the units digit of q(-1)?
3
Let o(a) = 14*a**2 - 30*a - 50. What is the thousands digit of o(-12)?
2
Let r = -1660 - -3012. What is the thousands digit of r?
1
Let n = 953 - 432. What is the units digit of n?
1
Suppose -681 = -19*m + 3005. What is the units digit of m?
4
Suppose 3*c + 2 = c. Let b(t) = -t**3 - 8*t**2 + 22*t + 21. Let z be b(-10). What is the units digit of 9 - (z + (-1)/c)?
7
Let n be (16/6)/(((-8)/6)/2). What is the units digit of ((-122)/n)/((-1)/(-2))?
1
Let d(a) be the third derivative of -a**4/24 + a**3 + 10*a**2. What is the units digit of d(4)?
2
Let v = -134 + 208. Suppose -v = -3*r - 14. What is the units digit of r?
0
Let a = -72 - -254. What is the tens digit of a?
8
Let c = 19 - 17. Suppose -3*d - 3*z + 15 = 0, c*z + 0*z + 2 = 4*d. Suppose -2*l - d = -4*l. What is the units digit of l?
1
What is the hundreds digit of ((-145)/(-10)*-1)/(1/(-30))?
4
Let g(x) = 4*x + 7. Suppose -c + 5*m = -0*m - 13, -c - 3*m + 5 = 0. What is the units digit of g(c)?
9
Let q = -2 + 7. Suppose -13 = -2*l - q. Suppose 5*i + 12 = l*p - 113, 5*p - 163 = 4*i. What is the tens digit of p?
3
Let h(k) = -163*k - 529. What is the thousands digit of h(-14)?
1
Suppose 5*i = -s + 2*s + 55, 4*s = -4*i + 20. Suppose 0 = -v + c + 4, -i = -6*v + 2*v - 2*c. Let f = 27 + v. What is the units digit of f?
0
Suppose -356*z = -364*z + 256. What is the units digit of z?
2
Let y(o) = o**3 - 8*o**2 - 4*o - 3. Let t be y(9). Let v = 15 - t. Let w = v + 64. What is the units digit of w?
7
Let f(t) = -10*t + 240. What is the hundreds digit of f(0)?
2
Suppose 0*x = -3*x - 2*f + 1444, 1449 = 3*x - 3*f. What is the tens digit of x?
8
Let c(i) = 3*i**2 - i + 96. What is the tens digit of c(13)?
9
Suppose 12 = 4*x - 0*x. Suppose x*t + 109 = 316. What is the tens digit of t?
6
Let c be ((-7)/5 - -1) + 12/5. Suppose 3*w + 105 = b - c*w, -5*b - 4*w = -438. What is the units digit of b?
0
Suppose -2*x = -4 - 4. Suppose -31 - 13 = -2*g - x*n, -3*n = -2*g + 23. What is the tens digit of 4/(g/(-164))*-1?
4
Let h be (0 - 2)*(-25)/10. Suppose -3*q + 112 - 6 = 4*m, h*m - 59 = -2*q. What is the tens digit of q?
4
What is the tens digit of 28*(0 + -7 - -8)?
2
Suppose -16 + 1 = -5*l - j, 3*j = l - 3. Let z = -308 + 311. Suppose g - l*o - 4 = 0, -2*o + z + 7 = 0. What is the tens digit of g?
1
Suppose -3*w - 2526 = -3*s, -6*w + 11*w = 4*s - 3366. What is the units digit of s?
4
Let d = 93 + -197. Let q = -16 - d. What is the units digit of q?
8
Suppose -l - 45 + 39 = 0. Let x = -9 - -14. What is the tens digit of l/15 - (-57)/x?
1
Suppose 0*m + 26 = 5*m + y, 0 = 4*m + y - 21. Suppose m*s - 59 = -w + 23, -5*w = -2*s - 356. What is the tens digit of w?
7
Let o be ((-2)/4)/((-3)/354). Suppose -4*k = -o - 1. Suppose 2*u = 29 + k. What is the tens digit of u?
2
Suppose 5*h - 62 = u, 0*h + 4*h = 0. Let i = u + 135. What is the tens digit of i?
7
Suppose 2*d = 5*d - 342. Let a = -78 + d. What is the tens digit of a?
3
What is the hundreds digit of (-80104)/(-68) - (-4 + -1)?
1
Let m(r) = 8 - 113*r + r**2 + 0 + 108*r. What is the units digit of m(8)?
2
Let c(x) = -x**3 + 16*x**2 + 18*x - 21. What is the tens digit of c(16)?
6
Suppose -5 = -5*u + 5. Suppose 5*r = -3*v + 16, v - u + 6 = 3*r. Suppose -y + 3*z = -4*y + 21, r*z = -y + 4. What is the units digit of y?
0
Let u = 4 + 0. Suppose -3*z + 2*z + 16 = u*k, -5*k + 7 = -2*z. Suppose 92 = k*v - 4*n + 16, -2*v = -2*n - 54. What is the tens digit of v?
3
What is the hundreds digit of -4 - -1191*((-4)/(-3) + -1)?
3
Suppose -2*v + 4 = -4. Suppose v*b = 5*c, b + 3*c = -2*b. Suppose 2 = k - b. What is the units digit of k?
2
Suppose g = 4*j + 733, -1 = -3*j + 11. What is the tens digit of g?
4
Suppose -2*r + 3616 - 88 = 0. What is the hundreds digit of r?
7
Let p = -38 - -62. Suppose -3*y + 12 = -p. What is the tens digit of y?
1
Suppose 11085 - 2247 = 6*h. What is the thousands digit of h?
1
Suppose -r + 3*r = -4*b + 1954, 5*b + 3*r - 2442 = 0. Suppose -3*o = -0*o - b. Suppose 6*n = 131 + o. What is the units digit of n?
9
Suppose -3*a - 1 = 2*p - 3, -3*p = -5*a + 16. Let d be (4 + 1)/(9/63*7). Suppose d*m - a*q - 143 = 0, -3*m - q + 73 = q. What is the units digit of m?
7
Let l = 2342 + -1471. What is the units digit of (-1*3)/((-13)/l)?
1
Let b be (-204)/(-3) - (3/1 - 0). Let y = b - -52. What is the units digit of y?
7
Let j = 1 - 3. Let d be (j/(-3))/(4/(-6)). What is the units digit of d - -25 - (-2 + 5)?
1
Suppose 26*z - 22*z - 2436 = 0. What is the tens digit of z?
0
Let f(p) = -6*p**3 - 2*p**2 + 13. What is the thousands digit of f(-7)?
1
Suppose 20 = 4*m + 2*a, -m - 4*a = 4*m - 31. Suppose -2*q + 10 + 280 = 3*s, -m*q - 5*s + 434 = 0. What is the tens digit of q?
4
Suppose -10*z = -15*z. Suppose z*k = -k + 57. What is the tens digit of k?
5
Let b = 75 + -10. Let n = b + 133. What is the tens digit of n?
9
Suppose 0 = -5*g + 2*j + 20, -j + 4 = 4*g + 1. Suppose -r - g*x = -28 - 25, 3*x + 99 = 2*r. What is the tens digit of r?
5
Suppose 0 = 3*j - 14 + 2. Suppose 0 = -15*p + 66*p. Suppose -5*l + 0*b + 39 = -4*b, 4*l - j*b - 32 = p. What is the units digit of l?
7
Suppose -17*m = 18*m - 2520. What is the units digit of m?
2
Suppose -o - 4*o + 50 = 0. Let q = o - -2. Let s = 33 - q. What is the units digit of s?
1
Let b = -343 - -572. What is the tens digit of b?
2
Let b(p) = -16*p - 8. Let w be b(6). Let m = w - -151. What is the units digit of m?
7
Let w(y) = -3*y**2 + 3*y**2 - 4*y + 0*y**2 + y**2 - 5. Let n = 3 + -8. What is the units digit of w(n)?
0
Suppose -41*q + 44*q = 138. What is the units digit of q?
6
Suppose h - 8 = -4*b, 2*h - 4 - 1 = 3*b. Suppose -h*g + n + 229 = 6*n, 0 = -2*n - 6. What is the units digit of g?
1
Suppose 10*j - 7*j - 519 = 0. Suppose 4*r + 2*m = 580, -261 = -3*r - m + j. What is the tens digit of r?
4
Suppose 10008 = 234*y - 226*y. What is the tens digit of y?
5
Let n = -14 + 16. Let o = 5 + n. Suppose 0 = o*p - 3*p + 2*a - 6, a + 1 = -p. What is the units digit of p?
4
What is the tens digit of 2 + (-96)/52 + 13126/26?
0
What is the tens digit of (-121)/((-80)/25 + 3)?
0
What is the hundreds digit of 113/(4/8*1)?
2
Let s = 3 - 1. Suppose 2*q - 36 = s*m, -5*q - 6 = m + 12. Let k = m - -40. What is the tens digit of k?
2
Suppose o = -5*c + 11301, 5*c + 3*o - 2523 - 8780 = 0. What is the thousands digit of c?
2
Suppose -813 - 412 = -5*w. Suppose j = 6*j - w. What is the units digit of j?
9
Suppose 5*d - 8*d = 51. Let s = 10 - 18. Let i = s - d. What is the units digit of i?
9
Let o be 500/16 - 1/4. Let y = o - -38. Let s = 116